 of f.
3, 13
Let w(d) = d**2 - 3*d + 2. Let a be w(-4). What are the prime factors of -3*a/18 - -187?
2, 7, 13
Suppose 5*a - 2*k - 16 = 0, -3*a + 8 = k + 5. Suppose 6*o = o + 2*d + 2310, -910 = -a*o - 2*d. List the prime factors of o.
2, 5, 23
Suppose 0 = 12*m - 56481 + 16341. Suppose -4*g - 5*x + m = 0, -22*x - 12 = -18*x. What are the prime factors of g?
2, 3, 5, 7
What are the prime factors of -5 + 484594/154 + (-4)/(-14)?
2, 1571
Let p be -52*(3/2 + 2/(-1)). Let v be p/14 + 2/14. Suppose j + 3*y - 82 - 161 = 0, 0 = -2*j + v*y + 454. List the prime factors of j.
3, 7, 11
Let t(c) = -270*c - 799. What are the prime factors of t(-28)?
6761
Suppose 0 = 6*b - 11*b - 304400. List the prime factors of b/(-290) - 4/(-58).
2, 3, 5, 7
Let h(x) = -x**2 - 14*x - 26. Let q be h(-13). Suppose 195 = p + 4*p. Let n = q + p. List the prime factors of n.
2, 13
Let v = -95 - -2. Let h = v - -99. List the prime factors of ((16/h)/(-4))/(14/(-1869)).
89
Let m = 69209 - 48760. List the prime factors of m.
11, 13
Suppose 0 = -4*p - 5*s + 103585, 31217 = p - s + 5314. List the prime factors of p.
2, 5, 7, 37
Suppose -10*m = 3*m - 13. Suppose 6*f + 23 = -m. Let s = 46 + f. List the prime factors of s.
2, 3, 7
Let q = 2465 + -729. List the prime factors of q.
2, 7, 31
Let s be (-106)/(-22) + 12/66. Suppose 0 = -2*z - 9 + s. What are the prime factors of (z + -150)*-1 + (10 - 13)?
149
Let z(l) = l**3 - 5*l**2 + 5*l - 26. Let r be z(10). Let m = 790 - r. List the prime factors of m.
2, 7, 19
Suppose 0 = -5*j - 473 - 92. Let q be ((-252)/(-10))/3*30. Let t = j + q. What are the prime factors of t?
139
Suppose -2*i + 634 + 190 = 3*c, c - 828 = -2*i. What are the prime factors of i?
5, 83
Suppose 3*l + 2*t = -10, -3*l = -3*t + 3 - 18. Suppose -q + 4*q = 9. Suppose 3*v = g - 19, l = -8*v + 5*v - q. What are the prime factors of g?
2
Let f = 716 + -42. Let r = f + -299. List the prime factors of r.
3, 5
Let w(u) be the second derivative of 7*u**4/6 - 2*u**3 - 5*u**2/2 - 60*u. What are the prime factors of w(-4)?
3, 89
Let r = -67 + 65. Let l be (-50)/(-20)*(-26)/(-5). What are the prime factors of (4 + -14)*l/r?
5, 13
Let b(t) = 21*t**2 - 1 + 18*t - 8 - 10*t**2 - 8*t**2. Let m be b(-11). Let d = m - 56. What are the prime factors of d?
2, 5
Let r(f) = -f. Let q be r(4). Let b be -2 - ((-3 - 608)/1 - q). Suppose -11*d + b = -6*d. List the prime factors of d.
11
Let z = 18614 + -9198. List the prime factors of z.
2, 11, 107
Suppose t = -2*r + 1, -3*r = -r + 2*t. Let q be -41 - (-1 - -2 - r). Let x = 47 + q. What are the prime factors of x?
2, 3
Suppose 5*x + 84 = 2*x. Let j = 188 + -185. List the prime factors of j/((-63)/(-1455)) - (-8)/x.
3, 23
Suppose 2*q - 3*z - 89087 = 0, 4*q - 5*z - 22019 = 156148. List the prime factors of q.
44533
Suppose -448 = c - 451. Let f(y) = -y + 10. Let x be f(5). Suppose 0 = -j + c*g + 43 - x, -4*g - 184 = -4*j. What are the prime factors of j?
2, 5
Let n(s) be the second derivative of 3*s**3/2 + 5*s**2 - s. Let x(f) = f**3 - 9*f**2 + 27*f - 84. Let q be x(7). List the prime factors of n(q).
73
Suppose 10*f - 46704 = 1816. What are the prime factors of f?
2, 1213
Let n(h) = -314*h + 154*h - 4 + 119*h. What are the prime factors of n(-5)?
3, 67
Let s(f) = f**3 + f**2 + f. Let x(i) = 6*i**3 - 9*i**2 + 23*i + 8. Let y(t) = -5*s(t) + x(t). List the prime factors of y(13).
73
Let f(p) = -3*p**2 + 14*p + 52. Let j be f(7). Suppose -6289 = -j*k - u, 1339 = 4*k + u - 7047. What are the prime factors of k?
3, 233
Let s = -95 + -343. Let m = -25 - s. What are the prime factors of m?
7, 59
Suppose -4*z = -4*d + 16, 25 = 4*d - 2*z + 7*z. Suppose -2*h - h = -2*v + d, v + 5*h + 30 = 0. Let w = 19 - v. List the prime factors of w.
2, 3
Let y(i) = 3*i**2 - 77*i - 20. Let l be y(26). List the prime factors of (558/(-12) + l)/((-6)/56).
2, 3, 7
Let y(l) = 2*l**3 - 5*l**2 + 2*l. Let i be y(3). What are the prime factors of i*(-1)/3 + 299?
2, 3, 7
Let k = 53 - 57. What are the prime factors of 36*((-385)/k)/11?
3, 5, 7
Suppose -4*b + 5*n + 26726 = 0, b + 284*n - 285*n - 6682 = 0. What are the prime factors of b?
2, 3, 557
Let v be (-5)/((-20)/(-8))*10/(-4). Suppose -4*f - 1 = -d - 8, -v*d = -f - 22. What are the prime factors of 1430/15 - -6 - (-2)/f?
2, 3, 17
Let t be (1 - -3) + -3 + -1. Let o be -5*(-2 + t - (-7)/7). Suppose -5*x - o*b + 40 = -635, -3*x + 2*b + 395 = 0. List the prime factors of x.
7, 19
Suppose -287*c + 2741279 = -1673929. List the prime factors of c.
2, 3, 641
Let y be (18/27)/(2/909) - -3. Let f = -37 + y. List the prime factors of f.
269
Suppose 9*g + 112*g - 895884 = 0. What are the prime factors of g?
2, 3, 617
List the prime factors of (-18)/(-315) - (-3118068)/210.
2, 29
Suppose 3*w = -4*h - 125, 16*h + 2*w + 165 = 11*h. What are the prime factors of ((-346)/7)/(10/h)?
173
Let u be (1/2)/(12/3000). Suppose u = -w + 6*w. Suppose -w = 5*k, 5*k + 7 + 10 = -4*y. List the prime factors of y.
2
Suppose -17*n + 20*n - 4788 = 4*q, -5*q - 3199 = -2*n. Suppose 3*y + g = -0*g + 1194, 4*y - 3*g = n. List the prime factors of y.
2, 199
Suppose 2*g - 452 = 2930 - 148. List the prime factors of g.
3, 7, 11
List the prime factors of -7*-8922*20/120.
7, 1487
Let y = -293 - -288. Let d(x) = 28*x**2 + 8*x + 24. What are the prime factors of d(y)?
2, 3, 19
Let q(h) = -h**2 + 60*h + 5. Let u be q(14). Suppose -3*y - y - 64 = 0. List the prime factors of y/(-56) - (u/(-7) + -1).
2, 47
Let f = 21 - 45. Let s = 26 + f. Suppose 5*k = -v + 455, -s*v - 56 = -k + 35. What are the prime factors of k?
7, 13
Suppose 3*x = -r + 7*x + 7500, 0 = 4*r - 5*x - 30000. Suppose 23*a - r = 3*a. List the prime factors of a.
3, 5
Suppose q = -1, 2*b + 3*q - 3598 + 15301 = 0. What are the prime factors of (-8)/2*b/72?
5, 13
Let i = -56 + 50. Let f(u) = u**2 - 15. Let y be f(i). Suppose 5*o + 2*a = 580, 4 = 5*a - y. List the prime factors of o.
2, 3, 19
Let r(w) = 23*w - 22. Let n(v) = -v**3 + v**2 + 8*v - 7. Let b be n(2). What are the prime factors of r(b)?
3, 31
Let m(b) = -3*b**2 + 2*b + 16. Let i be m(-10). Let v = 562 + i. List the prime factors of v.
2, 3, 43
Let o = 431 - 276. Suppose -640 = -159*l + o*l. Let u = l - -52. List the prime factors of u.
2, 53
Suppose -16*y + 4590 = 14*y. What are the prime factors of 309859/y + 1*(-2)/9?
3, 5
Let b(j) be the first derivative of 9/2*j**2 + 10*j - 15. What are the prime factors of b(5)?
5, 11
Let q = -78 + 184. Suppose -404 = -5*y + q. What are the prime factors of y?
2, 3, 17
Let c = -30 - -32. Suppose -c*o = -6*o - 44. Let i(w) = -w**2 - 20*w - 27. List the prime factors of i(o).
2, 3
Let z = 311 + -287. Suppose z*t - 15*t - 5445 = 0. What are the prime factors of t?
5, 11
Let a(d) = -7*d**2 + 13*d + 42. Let n(w) = 13*w**2 - 28*w - 85. Let p(j) = 5*a(j) + 3*n(j). What are the prime factors of p(12)?
3, 101
Let i = 29 - 25. Suppose d - 157 = 4*f, i*d - 589 = -f - 29. List the prime factors of d.
3, 47
Let t be (-3)/(-9) - (-13)/((-39)/(-5192)). Suppose -11*j - t = -5042. List the prime factors of j.
7, 43
Let x = -17636 + 34500. List the prime factors of x.
2, 17, 31
Let a(q) = -71*q - 418. Let k be a(-6). Suppose k*s - 1 - 15 = 0. List the prime factors of s.
2
Suppose -74294 = -4*f + b, -5*f + 18410 = 5*b - 74420. What are the prime factors of f?
2, 4643
What are the prime factors of 404/12*78 - 9?
2617
Suppose -9 - 15 = -4*m. Suppose -4*t = 10 - m. List the prime factors of (-297)/9*(-3 - t).
2, 3, 11
Let h(p) = -37*p + 49. Suppose 18*l = 6*l - 120. What are the prime factors of h(l)?
419
Let m(w) = -9*w + 27. Let q be (-312)/(-12) - (1 - 1). Suppose 2*p + 4*a = -2*p - 28, 3*p - 2*a = -q. What are the prime factors of m(p)?
3, 11
Let o(n) = -10*n**3 + 69*n**2 + 6*n + 59. Let m(z) = 6*z**3 - 46*z**2 - 4*z - 39. Let p(a) = -8*m(a) - 5*o(a). List the prime factors of p(-8).
449
Let k be 1/(1/((-7 - -4)/(-3))). What are the prime factors of k*35*(31 - 12)?
5, 7, 19
Let h(f) = -454*f - 10031. List the prime factors of h(-65).
3, 43, 151
List the prime factors of -16 - (-23 - -14) - -14038.
3, 1559
Suppose 893*i + 12902 = 895*i + b, -4*b = -8. List the prime factors of i.
2, 3, 5, 43
Let c(l) = l. Let j be c(16). Let i(p) = p**3 - 14*p**2 - 31*p + 10. Let t be i(j). What are the prime factors of -1 + 12299/91 - 4/t?
2, 67